 2*i. Let h = t + i. What are the prime factors of h?
2, 17
Let l(m) = 2*m**3 + 2*m + 40. Let a be l(0). Suppose -220 + a = -t. What are the prime factors of t?
2, 3, 5
Suppose -1052*d + 1094020 = -514*d - 519*d. What are the prime factors of d?
2, 5, 2879
Suppose -7*y + 4*y = 4*m - 20, 3*m = 4*y + 40. Let b(h) = -2*h**3 + 18*h**2 - 2*h + 17. List the prime factors of b(m).
3, 43
Let h = 233 + -111. Let b = h + 254. Suppose 4*y - b - 480 = 0. List the prime factors of y.
2, 107
Let c = -62097 - -111062. What are the prime factors of c?
5, 7, 1399
What are the prime factors of -3697*(-11)/(15 - 4)?
3697
Suppose 20600 = f - 5*u, 5*f + 2*u = -45 + 102910. What are the prime factors of f?
5, 823
Suppose 4*d - 97101 = -5*s + 11982, -2*d + 3*s = -54547. List the prime factors of d.
2, 7, 487
Let l(w) = -w - 24. Let r(g) = 2*g + 60. Let j(c) = 12*l(c) + 5*r(c). Let s be j(6). Suppose -8*y + 5*y + 252 = s. What are the prime factors of y?
2, 3, 7
Let t(h) = -183*h - 61. Let x be t(4). Let g = x + 1962. List the prime factors of g.
7, 167
Suppose 4*w + 4 = 0, -4*w = -15*d + 10*d + 47989. What are the prime factors of d?
3, 7, 457
Let d(y) = -130*y - 5. Let k be 2/((-12)/30) - -4. What are the prime factors of d(k)?
5
Let y(f) = -7*f**2 - 2*f. Let a be y(-3). Let u = a + 61. Suppose -4*k - u*q = -700, 2*k + 3*k - 867 = -q. What are the prime factors of k?
173
Let w = 63 + -19. Suppose 9*u = w*u - 17815. List the prime factors of u.
509
Let k(j) = -j**3 + 36*j**2 + 48*j + 675. What are the prime factors of k(32)?
7, 17, 53
Let f be (12/(-7) - 8/28) + -2. Let s be 2/f*528/(9 + -5). Let o = 104 + s. List the prime factors of o.
2, 19
Let t(i) be the second derivative of -i**5/20 - 10*i**4/3 - 59*i**3/6 - 11*i**2/2 - 10*i - 3. What are the prime factors of t(-39)?
769
Let s be 1/(3/(-36)*-4). Suppose -p = -2*x - s, 3*p = -p + 3*x + 12. Suppose -t + 290 = p*t + 2*r, 0 = -4*t - r + 293. List the prime factors of t.
2, 37
Let k(c) = 9*c**2 - 15*c - 10. Let j be k(-10). Suppose j = b + 4*b. What are the prime factors of b?
2, 13
Let k = 89 + -81. Suppose 4*s - k = 72. List the prime factors of 110 - 8/s*10.
2, 53
Let w be (1458/126 - 6/(-14))*-1. What are the prime factors of (10 - 2058/w)*(-4)/(-3)?
2, 11
Suppose 2*k - 148328 = 32*q - 29*q, q = 5*k - 370820. What are the prime factors of k?
2, 18541
Suppose 113*a = 97*a + 151815 + 103273. What are the prime factors of a?
107, 149
Let b(p) = -11*p - 7. Suppose 0 = -l - 2*u - 6, 3*l - 2*u = -0*u + 14. Suppose -4*f + 5*r + 10 = 49, r = -l*f - 9. List the prime factors of b(f).
59
List the prime factors of 756/(-5)*(-715)/26.
2, 3, 7, 11
Suppose -118*r + 3726 = -115*r. Suppose -3*z + 933 + r = 0. List the prime factors of z.
5, 29
Let c = -1151 + 2188. Let a = -277 + c. What are the prime factors of a?
2, 5, 19
Let n(y) = 43*y**3 + 3*y**2 - 4*y - 14. Let k be n(13). List the prime factors of k/352*11/2.
1483
Let j(r) = 6*r**2 - 70*r + 565. What are the prime factors of j(19)?
3, 467
Let i(w) = -w**3 + 6*w**2 + w - 7. Let h be i(6). Let v(x) be the second derivative of 55*x**4/6 + x**2/2 - 6*x + 80. What are the prime factors of v(h)?
3, 37
Suppose -k + 4*s + 1842 = 0, -102*k - 7453 = -106*k - s. List the prime factors of k.
2, 7, 19
Suppose 0 = 3*s - 3 + 39. Let k = -5 - s. List the prime factors of 3*1 + (74 - (3 - k)).
3
Let o = -2336 - -3259. List the prime factors of o.
13, 71
Let h(x) = 84*x**3 + 54*x**2 - 269*x + 1. List the prime factors of h(5).
2, 3, 17, 103
Let g(z) = 22*z**2 - 1167*z - 92. What are the prime factors of g(55)?
2273
Let c = 185 + -186. What are the prime factors of 32/(-80)*(-534 + c)?
2, 107
Let h = -1608 - -3023. List the prime factors of h.
5, 283
List the prime factors of 964/5*18920/176.
2, 43, 241
Let d be (-4931)/3 + 8/12. Let m = d + 2346. Suppose 0 = 6*h + 85 - m. What are the prime factors of h?
103
Let p(u) = 7*u**3 - 10*u**2 - 30*u - 140. List the prime factors of p(22).
2, 2153
Suppose 22*o = 18*o + 3636. Suppose 40 = 5*d - 25. Suppose 0 = -d*a + o - 142. What are the prime factors of a?
59
Suppose -121*z + 124*z - 81576 = -3*f, -4*z = -3*f + 81569. What are the prime factors of f?
27191
Suppose -2*d + 46 = -w, -6*d = -d - 4*w - 109. Let b be -1 - (-654)/15 - (-10)/d. Suppose 0*p + b = p - 2*i, 0 = 3*p + 5*i - 173. List the prime factors of p.
3, 17
Let v be (2/(-2) + (-8)/(-2))/1. Suppose 4*i - i = v*y - 1281, -10 = 2*i. Let t = y + -285. List the prime factors of t.
137
Suppose 4*u + 54 = -3*j + 5*j, -4*j = -u - 10. Let s(m) = -m**2 - 23*m + 26. Let q be s(-24). List the prime factors of (u/4)/(6/(-408)*q).
7, 17
Let s(v) = -v**3 + 14*v**2 + 13*v + 28. Let m be s(15). Let w be (8/12)/(m/(-519)) + 4. Let g = 343 - w. List the prime factors of g.
2, 83
Let l(d) = 29*d**2 + 42*d + 181. What are the prime factors of l(-14)?
3, 1759
Let w(g) = -2*g**3 - 10*g**2 - g - 4. Let d be w(-7). Let a = d - 48. What are the prime factors of a?
151
Let x be ((-126)/15)/((-10)/25). Suppose -x*u = 470 - 2948. What are the prime factors of u?
2, 59
Let j be (-17)/(-4) + 6/(-24). Suppose -4*u - 1409 = j*a - 3465, 0 = u - a - 520. What are the prime factors of u?
11, 47
Suppose 0 = 53*z - 193*z + 472920. List the prime factors of z.
2, 3, 563
Let q = -128 - -131. Let r(u) = 32*u - 16. List the prime factors of r(q).
2, 5
Let x(w) = -3*w**2 + 6*w - 35. Let l be x(12). List the prime factors of -5 - (l + 3 + 1).
2, 193
List the prime factors of (0 + 0 - 1/3)*(-103397100)/1318.
2, 5, 523
Suppose -3*z + 4*g + 680 = 0, -z + 2*g - 92 = -316. Suppose -i = 2*i - 342. Let c = z - i. What are the prime factors of c?
2, 59
Let u(b) = -3*b - 11. Let g be u(-4). Let j be -2 - g/1*-6. Suppose -j*f = -f - 117. List the prime factors of f.
3, 13
Suppose -5 = 4*t + 3, -t = -5*g + 17. Suppose w - 2*k - 18 = 3*w, -5*w + 2*k = 52. List the prime factors of w/g*(-4452)/140.
2, 53
Let a = 822 - 439. Suppose -5*f = -a - 2147. List the prime factors of f.
2, 11, 23
Let c = 383 - 165. Let t(y) = 204*y + 1432. Let r be t(-7). Suppose -k = -6*k + r*g + 1114, -4*g + c = k. What are the prime factors of k?
2, 3, 37
Suppose 5 = -d - 0. Let p be (-3)/6 - d/10. Suppose -3*i + p*i = -129. What are the prime factors of i?
43
Let c(d) = -198*d - 2180. List the prime factors of c(-77).
2, 47, 139
Let m(r) = -2*r**2 - 19*r + 13. Let w be m(-10). What are the prime factors of -2 + (w/3 - -406)?
3, 5
Let r(q) = 2*q**2 - 245*q + 478. List the prime factors of r(-56).
2, 5, 23, 89
Suppose -308 = -10*a - a. Let h = -36 + a. Let l(w) = -14*w - 12. What are the prime factors of l(h)?
2, 5
Let i(m) = -24*m**2 + 20*m - 10. Let s(k) = -121*k**2 + 103*k - 51. Let x(y) = -22*i(y) + 4*s(y). What are the prime factors of x(4)?
2, 19
Let u(t) = -2088*t + 363. Let z be u(-15). Suppose 28*r - z - 9981 = 0. What are the prime factors of r?
2, 3, 31
Let f = -22 + 27. Let a = -2 + f. Suppose 2*b - 6*w = -a*w + 6, -b = 3*w - 12. What are the prime factors of b?
2, 3
Suppose 419*l = 149*l + 2923020. What are the prime factors of l?
2, 5413
Suppose -61*g + 56*g - 2*m + 156629 = 0, 5*g + 4*m - 156623 = 0. List the prime factors of g.
31327
Suppose 0 = -1118*x + 1130*x - 74136. What are the prime factors of x?
2, 3089
Let l(n) = 131*n**2 - 19*n - 14. Let f be l(-5). Let o = f + -1931. What are the prime factors of o?
3, 5, 19
Let l = 24303 - -5305. What are the prime factors of l?
2, 3701
Let l be (6/9 - 2 - -1)*-3. Let a = l - -3. List the prime factors of a*(-1 + -3 + (-115)/(-20)).
7
Let i(u) = 0 - 20*u**3 + 2 - u**2 + 19*u**3. Let k be i(0). Suppose 0*t = -k*t + 200. What are the prime factors of t?
2, 5
Suppose 2*s - 3*j = -7, 23 = 5*s - j + 8. Suppose -1179 = -s*r + 1729. What are the prime factors of r?
727
Let c = -19628 - -22615. List the prime factors of c.
29, 103
Suppose -4*t = 3*y - 22, 3*y + y - 27 = -5*t. Suppose 10*j - 4*h = t*j + 178, j = 2*h + 60. Suppose -56*l - 432 = -j*l. List the prime factors of l.
2, 3
Suppose -20 = 4*v - 4, -2*v = d - 11456. List the prime factors of d.
2, 1433
Let i be (-17464)/(-354)*(-3)/(-2). Suppose -5*p = -2*p + 84. Let v = i + p. List the prime factors of v.
2, 23
Let l = -27 - 1. Let i = 30 + l. Suppose 3*f + 259 = 2*h + 4*f, 0 = -2*h + i*f + 256. What are the prime factors of h?
3, 43
Suppose -2*i + 